{"id":226,"date":"2020-08-29T13:58:33","date_gmt":"2020-08-29T13:58:33","guid":{"rendered":"https:\/\/greenmotorshow.solarimpulse.it\/?page_id=226"},"modified":"2020-09-07T08:05:50","modified_gmt":"2020-09-07T08:05:50","slug":"capitolo-4","status":"publish","type":"page","link":"https:\/\/greenmotorshow.solarimpulse.it\/index.php\/diario-di-viaggio\/capitolo-4\/","title":{"rendered":"Capitolo 4"},"content":{"rendered":"\n<h1><strong>Poteva andar peggio,<br>avrebbe potuto piovere<\/strong><\/h1>\n\n\n\n<figure class=\"wp-block-image size-large\"><img fetchpriority=\"high\" decoding=\"async\" width=\"1024\" height=\"557\" src=\"https:\/\/greenmotorshow.solarimpulse.it\/wp-content\/uploads\/2020\/08\/Ricarica-SantApollinaire-Spina2-1024x557.jpg\" alt=\"\" class=\"wp-image-228\" srcset=\"https:\/\/greenmotorshow.solarimpulse.it\/wp-content\/uploads\/2020\/08\/Ricarica-SantApollinaire-Spina2-1024x557.jpg 1024w, https:\/\/greenmotorshow.solarimpulse.it\/wp-content\/uploads\/2020\/08\/Ricarica-SantApollinaire-Spina2-300x163.jpg 300w, https:\/\/greenmotorshow.solarimpulse.it\/wp-content\/uploads\/2020\/08\/Ricarica-SantApollinaire-Spina2-768x418.jpg 768w, https:\/\/greenmotorshow.solarimpulse.it\/wp-content\/uploads\/2020\/08\/Ricarica-SantApollinaire-Spina2.jpg 1500w\" sizes=\"(max-width: 706px) 89vw, (max-width: 767px) 82vw, 740px\" \/><\/figure>\n\n\n\n<div class=\"wp-block-image\"><figure class=\"alignright size-large is-resized\"><img decoding=\"async\" src=\"https:\/\/greenmotorshow.solarimpulse.it\/wp-content\/uploads\/2020\/08\/Loginet.jpg\" alt=\"\" class=\"wp-image-230\" width=\"250\" srcset=\"https:\/\/greenmotorshow.solarimpulse.it\/wp-content\/uploads\/2020\/08\/Loginet.jpg 750w, https:\/\/greenmotorshow.solarimpulse.it\/wp-content\/uploads\/2020\/08\/Loginet-224x300.jpg 224w\" sizes=\"(max-width: 706px) 89vw, (max-width: 767px) 82vw, 740px\" \/><\/figure><\/div>\n\n\n\n<p><strong>Adelante, adelante<\/strong>. Avanti s\u00ec, ma cambiando ancora rotta. Nonostante la delusione per la finale persa dall&#8217;Inter e gli acciacchi, mi sento molto meglio. Una giornata di assoluto riposo mi ha rigenerato. Non ho giramenti di testa, ma i miei quadricipiti non sopporterebbero la lunga passeggiata per L&#8217;Aquila che avevamo previsto. <strong>Si parte in direzione Terni<\/strong>. poco pi\u00f9 di 70 km, quasi tutti di superstrada. Dopo Emilia Romagna, Marche, Abruzzo e Lazio un passaggio in Umbria ci sta. NextCharge propone una coloninna con attacco ccs2 di fronte a un concessionario Nissan. L&#8217;impianto \u00e8 della <strong>Loginet<\/strong>, servirebbe una tessera. Il venditore dell&#8217;autosalone non sa chi ce l&#8217;abbia. Il servizio clienti si pu\u00f2 contattare soltanto dal luned\u00ec al venerd\u00ec e oggi \u00e8 sabato. Altre ricariche veloci nei paraggi non ci sono. Puntiamo verso la Tipo 2 pi\u00f9 vicina. Si trova all&#8217;interno del parcheggio di un altro concessionario, <strong>TerniAuto<\/strong>, ma non \u00e8 segnalata e gli abitanti del luogo non sanno neppure che esista. Impieghiamo pi\u00f9 di mezz&#8217;ora prima di identificarla. Il titolare, Paolo Pegoraro ci avvisa che alle 13 devono chiudere. Abbiamo soltanto mezz&#8217;ora, non ricaricheremo molto. Vorr\u00e0 dire che ci fermeremo anche a Marsciano. Meno di ventimila abitanti e ben tre colonnine di ricarica pubbliche (non le fast, per carit\u00e0, ma meglio che niente). <\/p>\n\n\n\n<p><strong>Dopo tanta sfiga, una botta di fortuna<\/strong>. Ci fermiamo a mangiare nel bar della piazza dove c&#8217;\u00e8 una colonnina che per\u00f2 non abbiamo notato (ma segnalarle in modo decente?). La nostra \u00e8 a trecento metri, poco male. Fa un caldo torrido, non c&#8217;\u00e8 in giro anima viva e la piazza non \u00e8 certo tra le pi\u00f9 suggestive d&#8217;Italia. Pi\u00f9 che altro un grande parcheggio dove nei giorni comandati si svolge il mercato. <strong>Fabio<\/strong>, il titolare, per\u00f2, ha dei tavolini all&#8217;aperto protetti da un&#8217;indispensabile tenda da sole. L&#8217;intenzione \u00e8 di fermarci un paio d&#8217;ore e nel frattempo cercare una sistemazione per la notte in un agriturismo. Per il weekend sembra sia tutto gi\u00e0 prenotato. Quando sto per chiamare Lorenzo, un amico di Perugia, per chiedergli le chiavi di casa (lui \u00e8 in vacanza), Fabio, che ha seguito i dialoghi tra me e Carlotta, interviene: &#8220;Mi lasci fare una telefonata. Pronto Roberto, ciao, ho qui due persone che cercano una camera per  stanotte e per domani. Sono con una moto elettrica, tu hai anche la presa per ricaricare, vero? Se hai posto te li mando&#8221;. Tutto risolto. Roberto ha ancora una stanza libera. Non \u00e8 sicuro lo sia anche domani sera, ma  intanto per oggi abbiamo un tetto. <\/p>\n\n\n\n<figure class=\"wp-block-image size-large\"><img decoding=\"async\" width=\"1024\" height=\"614\" src=\"https:\/\/greenmotorshow.solarimpulse.it\/wp-content\/uploads\/2020\/08\/SantApollinaire-Spina1-1024x614.jpg\" alt=\"\" class=\"wp-image-231\" srcset=\"https:\/\/greenmotorshow.solarimpulse.it\/wp-content\/uploads\/2020\/08\/SantApollinaire-Spina1-1024x614.jpg 1024w, https:\/\/greenmotorshow.solarimpulse.it\/wp-content\/uploads\/2020\/08\/SantApollinaire-Spina1-300x180.jpg 300w, https:\/\/greenmotorshow.solarimpulse.it\/wp-content\/uploads\/2020\/08\/SantApollinaire-Spina1-768x460.jpg 768w, https:\/\/greenmotorshow.solarimpulse.it\/wp-content\/uploads\/2020\/08\/SantApollinaire-Spina1.jpg 1500w\" sizes=\"(max-width: 706px) 89vw, (max-width: 767px) 82vw, 740px\" \/><\/figure>\n\n\n\n<p>Fabio ci indica la strada e magnifica le bellezze del luogo, <strong>un vecchio borgo completamente ristrutturato, con piscina a sfioro su un terrazzamento che domina la vallata.<\/strong> &#8220;Non state qua a prendere caldo, andate a farvi un bel bagno, ne vale la pena. Se poi volete fermarvi a cena, si mangia anche benissimo, altrimenti tornate qui. Stasera c&#8217;\u00e8 il concerto di Irene Grandi allo stadio che \u00e8 proprio a due passi. Sono soltanto una quindicina di chilometri, questione di venti minuti, sono tutte curve&#8221;.<br>Le indicazioni sono perfette, la strada suggestiva e divertente da percorrere in moto, il panorama mozzafiato. Le colline umbre mi sono sempre piaciute e Carlotta non ha mai visitato la regione. Il Sant&#8217;Apollinaire di Spina Marsciano \u00e8 davvero incantevole. Anche il proprietario ha un&#8217;auto elettrica e una presa 22 Kw. Il tempo di collegare la moto, disfare i bagagli e siamo in paradiso.<\/p>\n\n\n\n<figure class=\"is-layout-flex wp-block-gallery-1 wp-block-gallery columns-3 is-cropped\"><ul class=\"blocks-gallery-grid\"><li class=\"blocks-gallery-item\"><figure><img decoding=\"async\" width=\"1024\" height=\"768\" src=\"https:\/\/greenmotorshow.solarimpulse.it\/wp-content\/uploads\/2020\/08\/SantApollinaire-Spina17-1024x768.jpg\" alt=\"\" data-id=\"235\" data-link=\"https:\/\/greenmotorshow.solarimpulse.it\/?attachment_id=235\" class=\"wp-image-235\" srcset=\"https:\/\/greenmotorshow.solarimpulse.it\/wp-content\/uploads\/2020\/08\/SantApollinaire-Spina17-1024x768.jpg 1024w, https:\/\/greenmotorshow.solarimpulse.it\/wp-content\/uploads\/2020\/08\/SantApollinaire-Spina17-300x225.jpg 300w, https:\/\/greenmotorshow.solarimpulse.it\/wp-content\/uploads\/2020\/08\/SantApollinaire-Spina17-768x576.jpg 768w, https:\/\/greenmotorshow.solarimpulse.it\/wp-content\/uploads\/2020\/08\/SantApollinaire-Spina17.jpg 1500w\" sizes=\"(max-width: 706px) 89vw, (max-width: 767px) 82vw, 740px\" \/><\/figure><\/li><li class=\"blocks-gallery-item\"><figure><img loading=\"lazy\" decoding=\"async\" width=\"768\" height=\"1024\" src=\"https:\/\/greenmotorshow.solarimpulse.it\/wp-content\/uploads\/2020\/08\/SantApollinaire-Spina11-768x1024.jpg\" alt=\"\" data-id=\"236\" data-link=\"https:\/\/greenmotorshow.solarimpulse.it\/?attachment_id=236\" class=\"wp-image-236\" srcset=\"https:\/\/greenmotorshow.solarimpulse.it\/wp-content\/uploads\/2020\/08\/SantApollinaire-Spina11-768x1024.jpg 768w, https:\/\/greenmotorshow.solarimpulse.it\/wp-content\/uploads\/2020\/08\/SantApollinaire-Spina11-225x300.jpg 225w, https:\/\/greenmotorshow.solarimpulse.it\/wp-content\/uploads\/2020\/08\/SantApollinaire-Spina11-1152x1536.jpg 1152w, https:\/\/greenmotorshow.solarimpulse.it\/wp-content\/uploads\/2020\/08\/SantApollinaire-Spina11.jpg 1500w\" sizes=\"(max-width: 706px) 89vw, (max-width: 767px) 82vw, 740px\" \/><\/figure><\/li><li class=\"blocks-gallery-item\"><figure><img loading=\"lazy\" decoding=\"async\" width=\"1024\" height=\"594\" src=\"https:\/\/greenmotorshow.solarimpulse.it\/wp-content\/uploads\/2020\/08\/SantApollinaire-Spina20-1024x594.jpg\" alt=\"\" data-id=\"233\" data-link=\"https:\/\/greenmotorshow.solarimpulse.it\/?attachment_id=233\" class=\"wp-image-233\" srcset=\"https:\/\/greenmotorshow.solarimpulse.it\/wp-content\/uploads\/2020\/08\/SantApollinaire-Spina20-1024x594.jpg 1024w, https:\/\/greenmotorshow.solarimpulse.it\/wp-content\/uploads\/2020\/08\/SantApollinaire-Spina20-300x174.jpg 300w, https:\/\/greenmotorshow.solarimpulse.it\/wp-content\/uploads\/2020\/08\/SantApollinaire-Spina20-768x445.jpg 768w, https:\/\/greenmotorshow.solarimpulse.it\/wp-content\/uploads\/2020\/08\/SantApollinaire-Spina20.jpg 1500w\" sizes=\"(max-width: 706px) 89vw, (max-width: 767px) 82vw, 740px\" \/><\/figure><\/li><li class=\"blocks-gallery-item\"><figure><img loading=\"lazy\" decoding=\"async\" width=\"1024\" height=\"575\" src=\"https:\/\/greenmotorshow.solarimpulse.it\/wp-content\/uploads\/2020\/08\/SantApollinaire-Spina19-1-1024x575.jpg\" alt=\"\" data-id=\"238\" data-full-url=\"https:\/\/greenmotorshow.solarimpulse.it\/wp-content\/uploads\/2020\/08\/SantApollinaire-Spina19-1.jpg\" data-link=\"https:\/\/greenmotorshow.solarimpulse.it\/?attachment_id=238\" class=\"wp-image-238\" srcset=\"https:\/\/greenmotorshow.solarimpulse.it\/wp-content\/uploads\/2020\/08\/SantApollinaire-Spina19-1-1024x575.jpg 1024w, https:\/\/greenmotorshow.solarimpulse.it\/wp-content\/uploads\/2020\/08\/SantApollinaire-Spina19-1-300x168.jpg 300w, https:\/\/greenmotorshow.solarimpulse.it\/wp-content\/uploads\/2020\/08\/SantApollinaire-Spina19-1-768x431.jpg 768w, https:\/\/greenmotorshow.solarimpulse.it\/wp-content\/uploads\/2020\/08\/SantApollinaire-Spina19-1.jpg 1500w\" sizes=\"(max-width: 706px) 89vw, (max-width: 767px) 82vw, 740px\" \/><\/figure><\/li><\/ul><\/figure>\n\n\n\n<p>Conosciamo un gruppo di ragazzi campani trentenni. Sono in dodici, arrivati da tutta Italia per festeggiare l&#8217;addio al celibato di due di loro. Per rompere il ghiaccio li sfidiamo a calciobalilla. Io e Carlotta contro i due pi\u00f9 scarsi. Ci lasciano vincere. Domani andranno a fare <strong>rafting sul fiume Nera<\/strong>. La tentazione di imitarli \u00e8 forte, ma non abbiamo prenotato. Vorr\u00e0 dire che se domani mattina ci confermano la stanza, passeremo una giornata intera a rilassarci in quest&#8217;oasi di pace e serenit\u00e0. Carlotta finalmente \u00e8 sorridente. <strong>Non posso chiedere di pi\u00f9.<\/strong><\/p>\n\n\n\n<figure class=\"wp-block-image size-large\"><img loading=\"lazy\" decoding=\"async\" width=\"768\" height=\"1024\" src=\"https:\/\/greenmotorshow.solarimpulse.it\/wp-content\/uploads\/2020\/08\/Sorriso-OTTA-768x1024.jpg\" alt=\"\" class=\"wp-image-239\" srcset=\"https:\/\/greenmotorshow.solarimpulse.it\/wp-content\/uploads\/2020\/08\/Sorriso-OTTA-768x1024.jpg 768w, https:\/\/greenmotorshow.solarimpulse.it\/wp-content\/uploads\/2020\/08\/Sorriso-OTTA-225x300.jpg 225w, https:\/\/greenmotorshow.solarimpulse.it\/wp-content\/uploads\/2020\/08\/Sorriso-OTTA-1152x1536.jpg 1152w, https:\/\/greenmotorshow.solarimpulse.it\/wp-content\/uploads\/2020\/08\/Sorriso-OTTA.jpg 1500w\" sizes=\"(max-width: 706px) 89vw, (max-width: 767px) 82vw, 740px\" \/><\/figure>\n\n\n\n<p><a href=\"https:\/\/greenmotorshow.solarimpulse.it\/index.php\/diario-di-viaggio\/capitolo-3\/\">Torna al capitolo 3<\/a><\/p>\n\n\n\n<p><a href=\"https:\/\/greenmotorshow.solarimpulse.it\/index.php\/diario-di-viaggio\/capitolo-5\/\">Leggi l&#8217;ultimo capitolo<\/a><\/p>\n","protected":false},"excerpt":{"rendered":"<p>Poteva andar peggio,avrebbe potuto piovere Adelante, adelante. Avanti s\u00ec, ma cambiando ancora rotta. Nonostante la delusione per la finale persa dall&#8217;Inter e gli acciacchi, mi sento molto meglio. Una giornata di assoluto riposo mi ha rigenerato. Non ho giramenti di testa, ma i miei quadricipiti non sopporterebbero la lunga passeggiata per L&#8217;Aquila che avevamo previsto. &hellip; <\/p>\n<p class=\"link-more\"><a href=\"https:\/\/greenmotorshow.solarimpulse.it\/index.php\/diario-di-viaggio\/capitolo-4\/\" class=\"more-link\">Leggi tutto<span class=\"screen-reader-text\"> &#8220;Capitolo 4&#8221;<\/span><\/a><\/p>\n","protected":false},"author":1,"featured_media":0,"parent":13,"menu_order":4,"comment_status":"closed","ping_status":"closed","template":"","meta":[],"_links":{"self":[{"href":"https:\/\/greenmotorshow.solarimpulse.it\/index.php\/wp-json\/wp\/v2\/pages\/226"}],"collection":[{"href":"https:\/\/greenmotorshow.solarimpulse.it\/index.php\/wp-json\/wp\/v2\/pages"}],"about":[{"href":"https:\/\/greenmotorshow.solarimpulse.it\/index.php\/wp-json\/wp\/v2\/types\/page"}],"author":[{"embeddable":true,"href":"https:\/\/greenmotorshow.solarimpulse.it\/index.php\/wp-json\/wp\/v2\/users\/1"}],"replies":[{"embeddable":true,"href":"https:\/\/greenmotorshow.solarimpulse.it\/index.php\/wp-json\/wp\/v2\/comments?post=226"}],"version-history":[{"count":6,"href":"https:\/\/greenmotorshow.solarimpulse.it\/index.php\/wp-json\/wp\/v2\/pages\/226\/revisions"}],"predecessor-version":[{"id":360,"href":"https:\/\/greenmotorshow.solarimpulse.it\/index.php\/wp-json\/wp\/v2\/pages\/226\/revisions\/360"}],"up":[{"embeddable":true,"href":"https:\/\/greenmotorshow.solarimpulse.it\/index.php\/wp-json\/wp\/v2\/pages\/13"}],"wp:attachment":[{"href":"https:\/\/greenmotorshow.solarimpulse.it\/index.php\/wp-json\/wp\/v2\/media?parent=226"}],"curies":[{"name":"wp","href":"https:\/\/api.w.org\/{rel}","templated":true}]}}