{"id":212,"date":"2020-08-28T21:17:43","date_gmt":"2020-08-28T21:17:43","guid":{"rendered":"https:\/\/greenmotorshow.solarimpulse.it\/?page_id=212"},"modified":"2020-10-08T21:21:45","modified_gmt":"2020-10-08T21:21:45","slug":"capitolo-3","status":"publish","type":"page","link":"https:\/\/greenmotorshow.solarimpulse.it\/index.php\/diario-di-viaggio\/capitolo-3\/","title":{"rendered":"Capitolo 3"},"content":{"rendered":"\n<h1><strong>Poteva andar peggio,<br>avrebbe potuto piovere<\/strong><\/h1>\n\n\n\n<p><strong>Viaggi e Miraggi<\/strong>. La canzone di Francesco De Gregori mi frulla nella mente da qualche giorno, anzi da qualche settimana, da quando ho deciso di intraprendere questo esperimento e di coinvolgere <strong>Carlotta<\/strong> nell&#8217;avventura. <strong>Questa canzone la dedico a lei<\/strong> (si capisce che ero giovane a met\u00e0 degli Anni 70?). Parla di pioggia e della necessit\u00e0 di partire sempre e comunque, di certi angoli del presente che fortunatamente diventeranno curve nella memoria. Prima di andare avanti, ve ne propongo qualche verso. Se penserete a questo viaggio inquadrandolo da questo punto di vista, ne scoprirete la vera essenza. <\/p>\n\n\n\n<blockquote class=\"wp-block-quote\"><p>Dietro a un miraggio c&#8217;\u00e8 sempre un miraggio da considerare,<br>Come del resto alla fine di un viaggio<br>C&#8217;\u00e8 sempre un viaggio da ricominciare.<br>Bella ragazza, begli occhi e bel cuore,<br>Bello sguardo da incrociare,<br>Sarebbe bello una sera doverti riaccompagnare.<br>Accompagnarti per certi angoli del presente,<br>Che fortunatamente diventeranno curve nella memoria<br>Quando domani ci accorgeremo che non ritorna mai pi\u00f9 niente,<br>Ma finalmente accetteremo il fatto come una vittoria.<br>Perci\u00f2 partiamo, partiamo che il tempo \u00e8 tutto da bere,<br>E non guardiamo in faccia nessuno che nessuno ci guarder\u00e0.<br>Beviamo tutto, sentiamo il gusto del fondo del bicchiere<br>E partiamo, partiamo, non vedi che siamo partiti gi\u00e0?<\/p><p><strong>Viaggi e Miraggi<\/strong>, dall&#8217;album <strong>Canzoni d&#8217;amore<\/strong> (1992) <strong>Francesco De Gregori<\/strong><\/p><\/blockquote>\n\n\n\n<figure class=\"wp-block-image size-large\"><img fetchpriority=\"high\" decoding=\"async\" width=\"768\" height=\"1024\" src=\"https:\/\/greenmotorshow.solarimpulse.it\/wp-content\/uploads\/2020\/08\/Otta4-768x1024.jpg\" alt=\"\" class=\"wp-image-214\" srcset=\"https:\/\/greenmotorshow.solarimpulse.it\/wp-content\/uploads\/2020\/08\/Otta4-768x1024.jpg 768w, https:\/\/greenmotorshow.solarimpulse.it\/wp-content\/uploads\/2020\/08\/Otta4-225x300.jpg 225w, https:\/\/greenmotorshow.solarimpulse.it\/wp-content\/uploads\/2020\/08\/Otta4-1152x1536.jpg 1152w, https:\/\/greenmotorshow.solarimpulse.it\/wp-content\/uploads\/2020\/08\/Otta4.jpg 1500w\" sizes=\"(max-width: 706px) 89vw, (max-width: 767px) 82vw, 740px\" \/><\/figure>\n\n\n\n<p>Ci abbiamo messo un po&#8217; a memorizzare il nome <strong>Pescorocchiano<\/strong>, un paesino che fino al 1927 faceva parte della provincia dell&#8217;Aquila prima di cambiare capoluogo (Rieti) e regione (Lazio). Da ora in poi io e Carlotta non dimenticheremo pi\u00f9 questo comune immerso nel verde dell&#8217;Appennino centrale tra\u00a0<strong>val de&#8217; Varri<\/strong> a Ovest e i\u00a0<strong>monti del Cicolano<\/strong>\u00a0a Nord, a pochi chilometri dal\u00a0<strong>lago del Salto<\/strong>, dove ha scelto di vivere Raoul Bova. Soprattutto non scorderemo facilmente la disponibilit\u00e0 e la gentilezza dei suoi abitanti, <strong>Luciano<\/strong> e <strong>Dario<\/strong> e su tutti. Che <strong>Luciano<\/strong>, padre di Lorenzo da cui abbiamo affittato l&#8217;appartamento di <strong>Santa Lucia di Gioverotondo<\/strong>, fosse una persona speciale l&#8217;avevamo intuito gi\u00e0 la sera del nostro arrivo, quando ci ha guidato con pazienza, in collegamento telefonico, lungo le bellissime strade che dall&#8217;uscita dell&#8217;autostrada di Valle del Salto si inerpicano per oltre 20 km prima di arrivare sul &#8220;cucuzzolo della montagna&#8221;. <strong>Dario<\/strong> l&#8217;abbiamo incrociato la prima volta pi\u00f9 o meno a met\u00e0 strada per chiedere conferma di un&#8217;indicazione poco chiara. In pochi chilometri, infatti ci sono ben due localit\u00e0 Santa Lucia. Un incontro fortunato, destinato a risultare determinante due giorni pi\u00f9 tardi. <\/p>\n\n\n\n<figure class=\"wp-block-image size-large\"><img decoding=\"async\" width=\"959\" height=\"1024\" src=\"https:\/\/greenmotorshow.solarimpulse.it\/wp-content\/uploads\/2020\/08\/SantaLucia1-959x1024.jpg\" alt=\"\" class=\"wp-image-215\" srcset=\"https:\/\/greenmotorshow.solarimpulse.it\/wp-content\/uploads\/2020\/08\/SantaLucia1-959x1024.jpg 959w, https:\/\/greenmotorshow.solarimpulse.it\/wp-content\/uploads\/2020\/08\/SantaLucia1-281x300.jpg 281w, https:\/\/greenmotorshow.solarimpulse.it\/wp-content\/uploads\/2020\/08\/SantaLucia1-768x820.jpg 768w, https:\/\/greenmotorshow.solarimpulse.it\/wp-content\/uploads\/2020\/08\/SantaLucia1-1438x1536.jpg 1438w, https:\/\/greenmotorshow.solarimpulse.it\/wp-content\/uploads\/2020\/08\/SantaLucia1.jpg 1500w\" sizes=\"(max-width: 706px) 89vw, (max-width: 767px) 82vw, 740px\" \/><\/figure>\n\n\n\n<p>Nel bellissimo appartamento di Lorenzo ci fermiamo poche ore, il tempo di un sonno ristoratore e di ricaricare la batteria dell&#8217;<strong>Energica<\/strong>. Il mattino seguente Luciano ci suggerisce due mete imperdibili: le grotte di Val de&#8217; Varri e il lago del Salto dove Carlotta potrebbe divertirsi facendo <strong>wakeboard<\/strong>, cio\u00e8 facendosi trascinare su una tavola da surf da un motoscafo. Pare sia una delle attrazioni turistiche pi\u00f9 di moda quest&#8217;anno, tanto che \u00e8 impossibile prenotare perch\u00e9 sono al completo sia gioved\u00ec, sia venerd\u00ec. Week end neppure da prendere il considerazione. Causa Covid gli ingressi sono contingentati.<\/p>\n\n\n\n<div class=\"is-layout-flow wp-block-group\"><div class=\"wp-block-group__inner-container\">\n<div class=\"is-layout-flow wp-block-group\"><div class=\"wp-block-group__inner-container\">\n<div class=\"wp-block-image\"><figure class=\"alignright size-large is-resized\"><img decoding=\"async\" src=\"https:\/\/greenmotorshow.solarimpulse.it\/wp-content\/uploads\/2020\/08\/Val-de-Varri-498x1024.jpg\" alt=\"\" class=\"wp-image-217\" width=\"300\" srcset=\"https:\/\/greenmotorshow.solarimpulse.it\/wp-content\/uploads\/2020\/08\/Val-de-Varri-498x1024.jpg 498w, https:\/\/greenmotorshow.solarimpulse.it\/wp-content\/uploads\/2020\/08\/Val-de-Varri-146x300.jpg 146w, https:\/\/greenmotorshow.solarimpulse.it\/wp-content\/uploads\/2020\/08\/Val-de-Varri.jpg 704w\" sizes=\"(max-width: 498px) 100vw, 498px\" \/><\/figure><\/div>\n\n\n\n<p class=\"has-text-align-left\">Decidiamo cos\u00ec di visitare le Grotte prima di fare un giro in moto attorno al lago artificiale. <br>La sfiga per\u00f2 ci mette lo zampino e partendo dal parcheggio, deserto, dopo l&#8217;interessante e affascinante visita nel sottosuolo a <strong>80 metri di profondit\u00e0,<\/strong> casco come un salame praticamente da fermo, procurandomi un dolorosissimo stiramento alla coscia destra nel tentativo di sorreggere i 280 Kg e forse pi\u00f9 della moto. Carlotta e il custode non riescono da soli a rialzare la <strong>EsseEsse9 <\/strong>e sono costretti a chiamare rinforzi. Risalgo a fatica in sella. La moto non ha danni, soltanto un piccolo graffio sull&#8217;estremit\u00e0 del manubrio, ma il giro del lago \u00e8 meglio rimandarlo. Torniamo a Pescorocchiano e parcheggiamo davanti al bar dove la sera precedente abbiamo chiesto informazioni a Dario e i suoi amici. Voglio cercare un fisioterapista o un medico. Devo accontentarmi della farmacia. Acquisto delle garze medicate e prender\u00f2, dopo cena, qualche antidolorifico che ho sempre con me per paura di un attacco di cervicale (l&#8217;ho gi\u00e0 detto che sono anziano, quindi evitate commenti).  <\/p>\n<\/div><\/div>\n<\/div><\/div>\n\n\n\n<p>Dolorante mi trascino fino da <strong>Mimmo<\/strong>, il ristoratore pi\u00f9 rinomato della zona. I funghi sono la sua specialit\u00e0. Faccio riempire un sacchetto della spesa di ghiaccio e me lo lego attorno alla coscia con un tovagliolo. Mi ero stirato soltanto una volta giocando a pallone una decina di anni fa, stessa gamba ma la parte anteriore del muscolo, questa volta \u00e8 quella dietro e il dolore arriva fino al ginocchio e al polpaccio. Meglio non pensarci e gustare le favolose tagliatelle in bianco coi funghi porcini e l&#8217;antipastino di ovoli crudi. Carlotta non ama i funghi e sceglie un altro men\u00f9. Non lo dice, ma si capisce che \u00e8 preoccupata. Comunque ordina anche il dolce. <br>Dopo il caff\u00e8, ci aspettano dieci km di tornanti per ritornare da Luciano. Davanti al bar dove abbiamo parcheggiato ritroviamo Dario e dopo le consuete quattro chiacchiere di rito (<strong>tutti sono incuriositi dalla Energica<\/strong> e la maggioranza ne ignora perfino l&#8217;esistenza) racconto della mia disavventura e&#8230; cado di nuovo. Sempre da fermo, questa volta a sinistra. Altro stiramento. Adesso s\u00ec che sono messo bene. <strong>Riuscirei anche a guidare, ma ogni volta che mi fermo non riesco a reggere il peso della moto, che \u00e8 anche un filo troppo alta per me.<\/strong> <\/p>\n\n\n\n<p>Tutti si informano su dove siamo diretti e avvisano Luciano (qui si conoscono tutti). Si offre immediatamente di venirci a soccorrere. Lasciamo la moto nel cortile dell&#8217;agenzia di assicurazioni di Dario e torniamo a Santa Lucia in auto. <strong>Sono mortificato, non tanto per la figura da pirla, ma per Carlotta a cui sto rischiando di rovinare definitivamente la vacanza. <\/strong><br>I programmi erano diversi, volevo godermi la compagnia della piccola di famiglia libero da qualsiasi stress. Sapevo fin dal principio che sarebbe stato difficile arrivare a Matera e Policoro come ci eravamo prefissati, ma ogni eventuale cambiamento sarebbe servito a dimostrare che qualsiasi difficolt\u00e0 si pu\u00f2 superare e che<strong> i fuori programma spesso nascondono un&#8217;opportunit\u00e0 inaspettata<\/strong>. Soprattutto non possono rovinarti la vita, se non lo consenti. Ne ho parlato con Carlotta. Serafica ha risposto: &#8220;Pap\u00e0 ti conosco, con te si sa sempre quando si parte, solo qualche volta quando si torna e quasi mai cosa succeder\u00e0 nel mezzo&#8221;.<\/p>\n\n\n\n<p><strong>L&#8217;adoro. Questo intoppo non ci voleva.<\/strong>..<\/p>\n\n\n\n<p>Il mattino seguente \u00e8 ancora peggio. Le gambe sono ancora doloranti (non potrebbe essere altrimenti) e mi gira la testa. Luciano ci accompagna da Dario per riprendere la moto, ma non me la sento di guidare. Vado in farmacia a farmi misurare la pressione. Perfetta. Non capisco da cosa sia causato questo malessere. Anche Carlotta conviene non sia il caso di rischiare, meglio fermarsi per un giorno e sperare che passi. Luciano non pu\u00f2 aiutarci perch\u00e9 arrivano altri ospiti. <strong>Qui entra in gioco Dario<\/strong>. Per una mattina intera si prodiga per trovarci un alloggio, trascurando il suo lavoro. Gli airbnb sono tutti pieni anche da queste parti non certo tra le mete turistiche pi\u00f9 gettonate (miracoli del Covid). Alla ventesima telefonata, riesce a trovarci una stanza nell&#8217;albergo all&#8217;uscita dell&#8217;Autostrada. Io nel frattempo ho allertato un amico. Se la situazione non migliora il giorno seguente partir\u00e0 da Punta Ala in auto con suo figlio per venirci a recuperare. <br>Dormiamo tutto il pomeriggio per scacciare la tensione accumulata. Non abbiamo neppure voglia di andare in piscina, l&#8217;unico lusso che il nostro Hotel offra. <strong>Una giornata da dimenticare e la serata \u00e8 ancora peggio<\/strong>. C&#8217;\u00e8 la finale di Europa League e l<strong>&#8216;Inter prima mi illude, poi perde meritatamente<\/strong>. <br>Decisamente non \u00e8 il mio giorno fortunato.<\/p>\n\n\n\n<p><a href=\"https:\/\/greenmotorshow.solarimpulse.it\/index.php\/diario-di-viaggio\/capitolo-2\/\">Torna al capitolo 2<\/a><\/p>\n\n\n\n<p><a href=\"https:\/\/greenmotorshow.solarimpulse.it\/index.php\/diario-di-viaggio\/capitolo-4\/\">Leggi il capitolo 4<\/a><\/p>\n","protected":false},"excerpt":{"rendered":"<p>Poteva andar peggio,avrebbe potuto piovere Viaggi e Miraggi. La canzone di Francesco De Gregori mi frulla nella mente da qualche giorno, anzi da qualche settimana, da quando ho deciso di intraprendere questo esperimento e di coinvolgere Carlotta nell&#8217;avventura. Questa canzone la dedico a lei (si capisce che ero giovane a met\u00e0 degli Anni 70?). Parla &hellip; <\/p>\n<p class=\"link-more\"><a href=\"https:\/\/greenmotorshow.solarimpulse.it\/index.php\/diario-di-viaggio\/capitolo-3\/\" class=\"more-link\">Leggi tutto<span class=\"screen-reader-text\"> &#8220;Capitolo 3&#8221;<\/span><\/a><\/p>\n","protected":false},"author":1,"featured_media":0,"parent":13,"menu_order":3,"comment_status":"closed","ping_status":"closed","template":"","meta":[],"_links":{"self":[{"href":"https:\/\/greenmotorshow.solarimpulse.it\/index.php\/wp-json\/wp\/v2\/pages\/212"}],"collection":[{"href":"https:\/\/greenmotorshow.solarimpulse.it\/index.php\/wp-json\/wp\/v2\/pages"}],"about":[{"href":"https:\/\/greenmotorshow.solarimpulse.it\/index.php\/wp-json\/wp\/v2\/types\/page"}],"author":[{"embeddable":true,"href":"https:\/\/greenmotorshow.solarimpulse.it\/index.php\/wp-json\/wp\/v2\/users\/1"}],"replies":[{"embeddable":true,"href":"https:\/\/greenmotorshow.solarimpulse.it\/index.php\/wp-json\/wp\/v2\/comments?post=212"}],"version-history":[{"count":9,"href":"https:\/\/greenmotorshow.solarimpulse.it\/index.php\/wp-json\/wp\/v2\/pages\/212\/revisions"}],"predecessor-version":[{"id":365,"href":"https:\/\/greenmotorshow.solarimpulse.it\/index.php\/wp-json\/wp\/v2\/pages\/212\/revisions\/365"}],"up":[{"embeddable":true,"href":"https:\/\/greenmotorshow.solarimpulse.it\/index.php\/wp-json\/wp\/v2\/pages\/13"}],"wp:attachment":[{"href":"https:\/\/greenmotorshow.solarimpulse.it\/index.php\/wp-json\/wp\/v2\/media?parent=212"}],"curies":[{"name":"wp","href":"https:\/\/api.w.org\/{rel}","templated":true}]}}